{"id":35,"date":"2023-01-25T13:10:00","date_gmt":"2023-01-25T13:10:00","guid":{"rendered":"https:\/\/landing.acordoonline.com\/?page_id=35"},"modified":"2023-08-16T14:56:16","modified_gmt":"2023-08-16T14:56:16","slug":"acordo-online","status":"publish","type":"page","link":"https:\/\/acordoonline.com\/sobre\/acordo-online\/","title":{"rendered":"Acordo Online"},"content":{"rendered":"<div class=\"wpb-content-wrapper\">[vc_row full_width=&#8221;stretch_row_content&#8221; content_placement=&#8221;middle&#8221; column_spacing=&#8221;0px&#8221; full_height=&#8221;yes&#8221; parallax=&#8221;content-moving&#8221; parallax_image=&#8221;678&#8243; parallax_speed_bg=&#8221;1&#8243; remove_bottom_col_margin=&#8221;true&#8221; el_class=&#8221;grad3&#8243; css=&#8221;.vc_custom_1692197769478{padding-right: 10% !important;padding-left: 10% !important;background-color: #0050ce !important;}&#8221; visibility=&#8221;visible-desktop&#8221;][vc_column width=&#8221;1\/2&#8243;][vc_single_image image=&#8221;975&#8243; alignment=&#8221;center&#8221; css=&#8221;.vc_custom_1680636781142{padding-top: 20px !important;padding-right: 20px !important;padding-bottom: 20px !important;padding-left: 20px !important;}&#8221;][vc_single_image image=&#8221;980&#8243; alignment=&#8221;center&#8221; css=&#8221;.vc_custom_1680636825264{margin-top: 20px !important;}&#8221;][\/vc_column][vc_column width=&#8221;1\/2&#8243; css=&#8221;.vc_custom_1680644164521{margin-left: 30px !important;}&#8221;][vc_custom_heading text=&#8221;A <strong>maior plataforma<\/strong> de acordos do Brasil&#8221; font_container=&#8221;tag:h2|font_size:64|text_align:left|color:%23ffffff|line_height:1&#8243; use_theme_fonts=&#8221;yes&#8221; css_animation=&#8221;none&#8221;][vc_empty_space height=&#8221;70px&#8221;]<style>.vcex-button.vcex_69d3820f95274{border-radius:var(--wpex-rounded-lg);background:rgba(0,69,160,0.49);color:#ffffff!important;width:65%;padding-inline-end:20px;padding-inline-start:15px;padding-block:15px;font-size:30px;font-family:Catamaran;font-weight:300;letter-spacing:var(--wpex-tracking-tight);}<\/style><div class=\"vc_custom_1689189871984 wpex-clr\"><div class=\"theme-button-wrap theme-button-expanded-wrap\"><a href=\"https:\/\/acordoonline.com\/sobre\/o-melhor-acordo-voce-encontra-aqui\/\" class=\"vcex-button theme-txt-link wpex-inline-block expanded wpex-flex-shrink-0 expanded vcex_69d3820f95274\"><span class=\"vcex-button-inner theme-button-inner wpex-flex wpex-flex-wrap wpex-items-center wpex-justify-center\"><span class=\"vcex-button-icon vcex-icon-wrap theme-button-icon-left\"><span aria-hidden=\"true\" class=\"fas fa-chevron-right\"><\/span><\/span>Tenho uma d\u00edvida e gostaria de localiz\u00e1-la com a ajuda da <strong>Acordo Online<\/strong><\/span><\/a><\/div><\/div> [vc_empty_space]<style>.vcex-button.vcex_69d3820f957fc{border-radius:var(--wpex-rounded-lg);background:rgba(0,165,116,0.49);color:#ffffff!important;width:65%;padding-inline-end:20px;padding-inline-start:15px;padding-block:15px;font-size:30px;font-family:Catamaran;}<\/style><div class=\"theme-button-wrap theme-button-expanded-wrap\"><a href=\"https:\/\/acordoonline.com\/sobre\/contrate-o-acordo-online\/\" class=\"vcex-button theme-txt-link wpex-inline-block expanded wpex-flex-shrink-0 expanded vcex_69d3820f957fc\"><span class=\"vcex-button-inner theme-button-inner wpex-flex wpex-flex-wrap wpex-items-center wpex-justify-center\"><span class=\"vcex-button-icon vcex-icon-wrap theme-button-icon-left\"><span aria-hidden=\"true\" class=\"fas fa-chevron-right\"><\/span><\/span>Quero conhecer e saber como a Acordo Online vai me ajudar com <strong>solu\u00e7\u00f5es digitais de cobran\u00e7a<\/strong><\/span><\/a><\/div> [\/vc_column][\/vc_row][vc_row full_width=&#8221;stretch_row_content&#8221; content_placement=&#8221;bottom&#8221; column_spacing=&#8221;0px&#8221; full_height=&#8221;yes&#8221; parallax=&#8221;content-moving&#8221; parallax_image=&#8221;250&#8243; parallax_speed_bg=&#8221;1&#8243; remove_bottom_col_margin=&#8221;true&#8221; el_class=&#8221;grad3&#8243; css=&#8221;.vc_custom_1692197774820{padding-right: 5% !important;padding-left: 5% !important;background-color: #0050ce !important;}&#8221; visibility=&#8221;visible-phone&#8221;][vc_column width=&#8221;1\/2&#8243;][vc_single_image image=&#8221;975&#8243; alignment=&#8221;center&#8221; css=&#8221;.vc_custom_1680636793381{padding-top: 20px !important;padding-right: 20px !important;padding-bottom: 20px !important;padding-left: 20px !important;}&#8221;][vc_empty_space][vc_custom_heading text=&#8221;A <strong>maior plataforma<\/strong> de acordos do Brasil&#8221; font_container=&#8221;tag:h2|font_size:50|text_align:left|color:%23ffffff|line_height:1&#8243; use_theme_fonts=&#8221;yes&#8221;][vc_empty_space]<style>.vcex-button.vcex_69d3820f95ee4{border-radius:var(--wpex-rounded-lg);background:rgba(0,69,160,0.49);color:#ffffff!important;padding-inline-end:20px;padding-inline-start:10px;padding-block:10px;font-size:22px;font-family:Catamaran;font-weight:300;letter-spacing:var(--wpex-tracking-tight);}<\/style><div class=\"theme-button-wrap theme-button-expanded-wrap wpex-clr\"><a href=\"https:\/\/acordoonline.com\/sobre\/o-melhor-acordo-voce-encontra-aqui\/\" class=\"vcex-button theme-txt-link align-left wpex-inline-block expanded expanded vcex_69d3820f95ee4\"><span class=\"vcex-button-inner theme-button-inner wpex-flex wpex-flex-wrap wpex-items-center wpex-justify-center\"><span class=\"vcex-button-icon vcex-icon-wrap theme-button-icon-left\"><span aria-hidden=\"true\" class=\"fas fa-chevron-right\"><\/span><\/span>Tenho uma d\u00edvida e gostaria de localiza-la com a ajuda da <strong>Acordo Online<\/strong><\/span><\/a><\/div> [vc_empty_space height=&#8221;20px&#8221;]<style>.vcex-button.vcex_69d3820f96273{border-radius:var(--wpex-rounded-lg);background:rgba(0,165,116,0.71);color:#ffffff!important;width:100%;padding-inline-end:20px;padding-inline-start:15px;padding-block:15px;font-size:22px;font-family:Catamaran;}<\/style><div class=\"theme-button-wrap theme-button-expanded-wrap\"><a href=\"https:\/\/acordoonline.com\/sobre\/contrate-o-acordo-online\/\" class=\"vcex-button theme-txt-link wpex-inline-block expanded wpex-flex-shrink-0 expanded vcex_69d3820f96273\"><span class=\"vcex-button-inner theme-button-inner wpex-flex wpex-flex-wrap wpex-items-center wpex-justify-center\"><span class=\"vcex-button-icon vcex-icon-wrap theme-button-icon-left\"><span aria-hidden=\"true\" class=\"fas fa-chevron-right\"><\/span><\/span>Quero conhecer e saber como a Acordo Online vai me ajudar com <strong>solu\u00e7\u00f5es digitais de cobran\u00e7a<\/strong><\/span><\/a><\/div> [\/vc_column][vc_column width=&#8221;1\/2&#8243;][vc_single_image image=&#8221;1010&#8243; alignment=&#8221;center&#8221; css=&#8221;.vc_custom_1680644010660{margin-top: 20px !important;}&#8221;][\/vc_column][\/vc_row][vc_row full_width=&#8221;stretch_row_content_no_spaces&#8221; remove_bottom_col_margin=&#8221;true&#8221; css=&#8221;.vc_custom_1680703284250{padding-right: 10% !important;padding-left: 10% !important;background-color: #10476f !important;}&#8221;][vc_column]<div class=\"templatera_shortcode\"><style type=\"text\/css\" data-type=\"vc_shortcodes-default-css\">.vc_do_custom_heading{margin-bottom:0.625rem;margin-top:0;}.vc_do_custom_heading{margin-bottom:0.625rem;margin-top:0;}.vc_do_custom_heading{margin-bottom:0.625rem;margin-top:0;}.vc_do_custom_heading{margin-bottom:0.625rem;margin-top:0;}.vc_do_custom_heading{margin-bottom:0.625rem;margin-top:0;}.vc_do_custom_heading{margin-bottom:0.625rem;margin-top:0;}<\/style><style type=\"text\/css\" data-type=\"vc_shortcodes-custom-css\">.vc_custom_1773769287295{padding-top: 20px !important;padding-right: 10% !important;padding-bottom: 20px !important;padding-left: 10% !important;background-color: #02005E !important;}.vc_custom_1680031978528{margin-top: 10px !important;}<\/style>[vc_row full_width=\"stretch_row_content\" column_spacing=\"10\" gap=\"10\" remove_bottom_col_margin=\"true\" css=\".vc_custom_1773769287295{padding-top: 20px !important;padding-right: 10% !important;padding-bottom: 20px !important;padding-left: 10% !important;background-color: #02005E !important;}\"][vc_column width=\"1\/3\"][vc_single_image image=\"1732\" img_size=\"medium\" css=\"\"][vc_empty_space height=\"12px\"][vc_custom_heading text=\"Copyright 2023 Acordo Online | Todos os direitos reservados\" font_container=\"tag:h2|font_size:14|text_align:left|color:%23ffffff\" use_theme_fonts=\"yes\"][vc_custom_heading text=\"CNPJ 26.614.280\/0001-11\" font_container=\"tag:h2|font_size:16|text_align:left|color:%23ffffff\" use_theme_fonts=\"yes\"][vc_custom_heading text=\"S\u00e3o Paulo | SP | Brasil\" font_container=\"tag:h2|font_size:16|text_align:left|color:%23ffffff\" use_theme_fonts=\"yes\"][vc_empty_space height=\"8px\"][vc_column_text]<span style=\"color: #ffffff;\"><a style=\"color: #ffffff;\" href=\"https:\/\/acordoonline.com\/sobre\/politica-de-privacidade\/\">Pol\u00edtica de privacidade<\/a>\r\nDPO respons\u00e1vel: <a style=\"color: #ffffff;\" href=\"mailto:dpo@acordoonline.com\">dpo@acordoonline.com\u00a0<\/a><\/span>[\/vc_column_text][\/vc_column][vc_column width=\"1\/3\"][vc_custom_heading text=\"Canais Acordo Online:\" font_container=\"tag:h2|font_size:16|text_align:left|color:%23ffffff\" use_theme_fonts=\"yes\"][vc_empty_space height=\"8px\"]<style>.vcex-button.vcex_69d3820f9686d{color:#ffffff!important;}<\/style><div class=\"theme-button-wrap theme-button-block-wrap wpex-block wpex-clear wpex-clr\"><a href=\"https:\/\/landing.acordoonline.com\/o-melhor-acordo-voce-encontra-aqui\/\" class=\"vcex-button theme-txt-link medium align-left wpex-inline-block block vcex_69d3820f9686d\" target=\"_blank\" rel=\"noopener noreferrer\"><span class=\"vcex-button-inner theme-button-inner wpex-flex wpex-flex-wrap wpex-items-center wpex-justify-center\"><span class=\"vcex-button-icon vcex-icon-wrap theme-button-icon-left\"><span class=\"wpex-icon\" aria-hidden=\"true\"><svg xmlns=\"http:\/\/www.w3.org\/2000\/svg\" viewBox=\"0 0 448 512\"><path d=\"M438.6 105.4c12.5 12.5 12.5 32.8 0 45.3l-256 256c-12.5 12.5-32.8 12.5-45.3 0l-128-128c-12.5-12.5-12.5-32.8 0-45.3s32.8-12.5 45.3 0L160 338.7 393.4 105.4c12.5-12.5 32.8-12.5 45.3 0z\"\/><\/svg><\/span><\/span>Localize seu Acordo<\/span><\/a><\/div> [vc_empty_space height=\"8px\"]<style>.vcex-button.vcex_69d3820f96b7a{color:#ffffff!important;}<\/style><div class=\"theme-button-wrap theme-button-block-wrap wpex-block wpex-clear wpex-clr\"><a href=\"https:\/\/calendly.com\/fernandomodenezi\/acordoonline\" class=\"vcex-button theme-txt-link medium align-left wpex-inline-block block vcex_69d3820f96b7a\" target=\"_blank\" rel=\"noopener noreferrer\"><span class=\"vcex-button-inner theme-button-inner wpex-flex wpex-flex-wrap wpex-items-center wpex-justify-center\"><span class=\"vcex-button-icon vcex-icon-wrap theme-button-icon-left\"><span class=\"wpex-icon\" aria-hidden=\"true\"><svg xmlns=\"http:\/\/www.w3.org\/2000\/svg\" viewBox=\"0 0 512 512\"><path d=\"M47.6 300.4L228.3 469.1c7.5 7 17.4 10.9 27.7 10.9s20.2-3.9 27.7-10.9L464.4 300.4c30.4-28.3 47.6-68 47.6-109.5v-5.8c0-69.9-50.5-129.5-119.4-141C347 36.5 300.6 51.4 268 84L256 96 244 84c-32.6-32.6-79-47.5-124.6-39.9C50.5 55.6 0 115.2 0 185.1v5.8c0 41.5 17.2 81.2 47.6 109.5z\"\/><\/svg><\/span><\/span>Contrate a Acordo Online<\/span><\/a><\/div> [vc_empty_space height=\"8px\"]<style>.vcex-button.vcex_69d3820f96e59{color:#ffffff!important;}<\/style><div class=\"theme-button-wrap theme-button-block-wrap wpex-block wpex-clear wpex-clr\"><a href=\"https:\/\/www.facebook.com\/acordoonline\" class=\"vcex-button theme-txt-link medium align-left wpex-inline-block block vcex_69d3820f96e59\" target=\"_blank\" rel=\"noopener noreferrer\"><span class=\"vcex-button-inner theme-button-inner wpex-flex wpex-flex-wrap wpex-items-center wpex-justify-center\"><span class=\"vcex-button-icon vcex-icon-wrap theme-button-icon-left\"><span class=\"wpex-icon\" aria-hidden=\"true\"><svg xmlns=\"http:\/\/www.w3.org\/2000\/svg\" viewBox=\"0 0 512 512\"><path d=\"M512 256C512 114.6 397.4 0 256 0S0 114.6 0 256C0 376 82.7 476.8 194.2 504.5V334.2H141.4V256h52.8V222.3c0-87.1 39.4-127.5 125-127.5c16.2 0 44.2 3.2 55.7 6.4V172c-6-.6-16.5-1-29.6-1c-42 0-58.2 15.9-58.2 57.2V256h83.6l-14.4 78.2H287V510.1C413.8 494.8 512 386.9 512 256h0z\"\/><\/svg><\/span><\/span>Facebook<\/span><\/a><\/div> [vc_empty_space height=\"8px\"]<style>.vcex-button.vcex_69d3820f974d1{color:#ffffff!important;}<\/style><div class=\"theme-button-wrap theme-button-block-wrap wpex-block wpex-clear wpex-clr\"><a href=\"https:\/\/www.instagram.com\/acordoonline\/\" class=\"vcex-button theme-txt-link medium align-left wpex-inline-block block vcex_69d3820f974d1\" target=\"_blank\" rel=\"noopener noreferrer\"><span class=\"vcex-button-inner theme-button-inner wpex-flex wpex-flex-wrap wpex-items-center wpex-justify-center\"><span class=\"vcex-button-icon vcex-icon-wrap theme-button-icon-left\"><span class=\"wpex-icon\" aria-hidden=\"true\"><svg xmlns=\"http:\/\/www.w3.org\/2000\/svg\" viewBox=\"0 0 448 512\"><path d=\"M224.1 141c-63.6 0-114.9 51.3-114.9 114.9s51.3 114.9 114.9 114.9S339 319.5 339 255.9 287.7 141 224.1 141zm0 189.6c-41.1 0-74.7-33.5-74.7-74.7s33.5-74.7 74.7-74.7 74.7 33.5 74.7 74.7-33.6 74.7-74.7 74.7zm146.4-194.3c0 14.9-12 26.8-26.8 26.8-14.9 0-26.8-12-26.8-26.8s12-26.8 26.8-26.8 26.8 12 26.8 26.8zm76.1 27.2c-1.7-35.9-9.9-67.7-36.2-93.9-26.2-26.2-58-34.4-93.9-36.2-37-2.1-147.9-2.1-184.9 0-35.8 1.7-67.6 9.9-93.9 36.1s-34.4 58-36.2 93.9c-2.1 37-2.1 147.9 0 184.9 1.7 35.9 9.9 67.7 36.2 93.9s58 34.4 93.9 36.2c37 2.1 147.9 2.1 184.9 0 35.9-1.7 67.7-9.9 93.9-36.2 26.2-26.2 34.4-58 36.2-93.9 2.1-37 2.1-147.8 0-184.8zM398.8 388c-7.8 19.6-22.9 34.7-42.6 42.6-29.5 11.7-99.5 9-132.1 9s-102.7 2.6-132.1-9c-19.6-7.8-34.7-22.9-42.6-42.6-11.7-29.5-9-99.5-9-132.1s-2.6-102.7 9-132.1c7.8-19.6 22.9-34.7 42.6-42.6 29.5-11.7 99.5-9 132.1-9s102.7-2.6 132.1 9c19.6 7.8 34.7 22.9 42.6 42.6 11.7 29.5 9 99.5 9 132.1s2.7 102.7-9 132.1z\"\/><\/svg><\/span><\/span>Instagram<\/span><\/a><\/div> [vc_empty_space height=\"8px\"]<style>.vcex-button.vcex_69d3820f977bf{color:#ffffff!important;}<\/style><div class=\"theme-button-wrap theme-button-block-wrap wpex-block wpex-clear wpex-clr\"><a href=\"https:\/\/www.linkedin.com\/company\/acordo-online\" class=\"vcex-button theme-txt-link medium align-left wpex-inline-block block vcex_69d3820f977bf\" target=\"_blank\" rel=\"noopener noreferrer\"><span class=\"vcex-button-inner theme-button-inner wpex-flex wpex-flex-wrap wpex-items-center wpex-justify-center\"><span class=\"vcex-button-icon vcex-icon-wrap theme-button-icon-left\"><span class=\"wpex-icon\" aria-hidden=\"true\"><svg xmlns=\"http:\/\/www.w3.org\/2000\/svg\" viewBox=\"0 0 448 512\"><path d=\"M100.3 448H7.4V148.9h92.9zM53.8 108.1C24.1 108.1 0 83.5 0 53.8a53.8 53.8 0 0 1 107.6 0c0 29.7-24.1 54.3-53.8 54.3zM447.9 448h-92.7V302.4c0-34.7-.7-79.2-48.3-79.2-48.3 0-55.7 37.7-55.7 76.7V448h-92.8V148.9h89.1v40.8h1.3c12.4-23.5 42.7-48.3 87.9-48.3 94 0 111.3 61.9 111.3 142.3V448z\"\/><\/svg><\/span><\/span>Linkedin<\/span><\/a><\/div> [vc_empty_space height=\"8px\"]<style>.vcex-button.vcex_69d3820f97c21{color:#ffffff!important;}<\/style><div class=\"theme-button-wrap theme-button-block-wrap wpex-block wpex-clear wpex-clr\"><a href=\"https:\/\/negociacaosegura.acordoonline.com\" class=\"vcex-button theme-txt-link medium align-left wpex-inline-block block vcex_69d3820f97c21\" target=\"_blank\" rel=\"noopener noreferrer\"><span class=\"vcex-button-inner theme-button-inner wpex-flex wpex-flex-wrap wpex-items-center wpex-justify-center\"><span class=\"vcex-button-icon vcex-icon-wrap theme-button-icon-left\"><span aria-hidden=\"true\" class=\"fas fa-shield-alt\"><\/span><\/span>Negocia\u00e7\u00e3o segura<\/span><\/a><\/div> [\/vc_column][vc_column css_animation=\"fadeIn\" width=\"1\/3\"][vc_custom_heading text=\"Uma empresa do portfolio:\" font_container=\"tag:h2|font_size:16|text_align:left|color:%23ffffff\" use_theme_fonts=\"yes\"][vc_single_image image=\"925\" img_size=\"110x50\" alignment=\"left\" css=\".vc_custom_1680031978528{margin-top: 10px !important;}\"][vc_empty_space height=\"12px\"][vc_raw_html]JTNDZGl2JTIwaWQlM0QlMjJyYS12ZXJpZmllZC1zZWFsJTIyJTNFJTNDc2NyaXB0JTIwdHlwZSUzRCUyMnRleHQlMkZqYXZhc2NyaXB0JTIyJTIwaWQlM0QlMjJyYS1lbWJlZC12ZXJpZmllZC1zZWFsJTIyJTIwc3JjJTNEJTIyaHR0cHMlM0ElMkYlMkZzMy5hbWF6b25hd3MuY29tJTJGcmFpY2h1LWJldGElMkZyYS12ZXJpZmllZCUyRmJ1bmRsZS5qcyUyMiUyMGRhdGEtaWQlM0QlMjJTSEY1ZFRoTU16QlFORkkxU2pWeU1EcGhZMjl5Wkc4dGIyNXNhVzVsJTIyJTIwZGF0YS10YXJnZXQlM0QlMjJyYS12ZXJpZmllZC1zZWFsJTIyJTIwZGF0YS1tb2RlbCUzRCUyMjIlMjIlM0UlM0MlMkZzY3JpcHQlM0UlM0MlMkZkaXYlM0U=[\/vc_raw_html][vc_empty_space height=\"12px\"][vc_custom_heading text=\"Site confi\u00e1vel Reclame Aqui\" font_container=\"tag:h2|font_size:16|text_align:left|color:%23ffffff\" use_theme_fonts=\"yes\" link=\"url:https%3A%2F%2Fwww.reclameaqui.com.br%2Fdetector-site-confiavel%2Facordoonline.com|target:_blank\"][\/vc_column][\/vc_row]<\/div>[\/vc_column][\/vc_row]\n<\/div>","protected":false},"excerpt":{"rendered":"<p>[vc_row full_width=&#8221;stretch_row_content&#8221; content_placement=&#8221;middle&#8221; column_spacing=&#8221;0px&#8221; full_height=&#8221;yes&#8221; parallax=&#8221;content-moving&#8221; parallax_image=&#8221;678&#8243; parallax_speed_bg=&#8221;1&#8243; remove_bottom_col_margin=&#8221;true&#8221; el_class=&#8221;grad3&#8243; css=&#8221;.vc_custom_1692197769478{padding-right: 10% !important;padding-left: 10% !important;background-color: #0050ce !important;}&#8221; visibility=&#8221;visible-desktop&#8221;][vc_column width=&#8221;1\/2&#8243;][vc_single_image image=&#8221;975&#8243; alignment=&#8221;center&#8221; css=&#8221;.vc_custom_1680636781142{padding-top: 20px !important;padding-right: 20px !important;padding-bottom: 20px !important;padding-left: 20px !important;}&#8221;][vc_single_image image=&#8221;980&#8243; alignment=&#8221;center&#8221; css=&#8221;.vc_custom_1680636825264{margin-top: 20px !important;}&#8221;][\/vc_column][vc_column width=&#8221;1\/2&#8243; css=&#8221;.vc_custom_1680644164521{margin-left: 30px !important;}&#8221;][vc_custom_heading text=&#8221;A maior plataforma de acordos do Brasil&#8221; font_container=&#8221;tag:h2|font_size:64|text_align:left|color:%23ffffff|line_height:1&#8243; use_theme_fonts=&#8221;yes&#8221; css_animation=&#8221;none&#8221;][vc_empty_space height=&#8221;70px&#8221;][vc_empty_space][\/vc_column][\/vc_row][vc_row full_width=&#8221;stretch_row_content&#8221; content_placement=&#8221;bottom&#8221; column_spacing=&#8221;0px&#8221; full_height=&#8221;yes&#8221; parallax=&#8221;content-moving&#8221;&hellip;<\/p>\n","protected":false},"author":1,"featured_media":0,"parent":0,"menu_order":0,"comment_status":"closed","ping_status":"closed","template":"","meta":{"footnotes":""},"class_list":["post-35","page","type-page","status-publish","hentry","entry","no-media"],"_links":{"self":[{"href":"https:\/\/acordoonline.com\/sobre\/wp-json\/wp\/v2\/pages\/35","targetHints":{"allow":["GET"]}}],"collection":[{"href":"https:\/\/acordoonline.com\/sobre\/wp-json\/wp\/v2\/pages"}],"about":[{"href":"https:\/\/acordoonline.com\/sobre\/wp-json\/wp\/v2\/types\/page"}],"author":[{"embeddable":true,"href":"https:\/\/acordoonline.com\/sobre\/wp-json\/wp\/v2\/users\/1"}],"replies":[{"embeddable":true,"href":"https:\/\/acordoonline.com\/sobre\/wp-json\/wp\/v2\/comments?post=35"}],"version-history":[{"count":107,"href":"https:\/\/acordoonline.com\/sobre\/wp-json\/wp\/v2\/pages\/35\/revisions"}],"predecessor-version":[{"id":1183,"href":"https:\/\/acordoonline.com\/sobre\/wp-json\/wp\/v2\/pages\/35\/revisions\/1183"}],"wp:attachment":[{"href":"https:\/\/acordoonline.com\/sobre\/wp-json\/wp\/v2\/media?parent=35"}],"curies":[{"name":"wp","href":"https:\/\/api.w.org\/{rel}","templated":true}]}}